 - (-1624)/20) + 4.
5, 17
Let j(w) = -3*w + 28. What are the prime factors of j(-9)?
5, 11
Suppose c = 3*c + 4. Let o be (-11)/(-2) + c/4. What are the prime factors of o/10 + (-19)/(-2)?
2, 5
Let n be (21/(-14))/(1/6). Let d be ((-15)/2)/(1/(-2)). Let s = n + d. What are the prime factors of s?
2, 3
Suppose 0*r = -r + 4, -3*f + 3*r = -405. Let m = -264 + f. List the prime factors of 2/(-6) - m/15.
2
Let v(p) = 2*p. Suppose -a + 4*a - 9 = 0. Let i be v(a). Suppose i + 6 = 2*h. List the prime factors of h.
2, 3
Suppose -3*j + 5*x - 14 = 0, 3*j - 5*x = -x - 10. Suppose j*g - w = -2*g + 77, 3*g = 4*w + 48. Suppose 4*k - g = -k. What are the prime factors of k?
2
Let y(k) = k**2 - 6*k + 1. What are the prime factors of y(9)?
2, 7
Let s(w) = -w**2 + 3*w + 5. Let q(f) = 4*f**2 - 9*f - 15. Let t(m) = 2*q(m) + 7*s(m). What are the prime factors of t(-4)?
3
Let j(v) be the second derivative of -7/12*v**4 + 0 + 5/2*v**2 - 1/20*v**5 - 7/6*v**3 + 2*v. What are the prime factors of j(-6)?
11
Let k be -2 - (0 + -18)/3. Suppose 26 = -5*g + 5*z + 71, k*g = 3*z + 33. List the prime factors of g.
2, 3
Suppose -2*v - 2*u = -5*u - 46, -8 = -4*u. Suppose -4*s - 2 = -v. What are the prime factors of s?
2, 3
Let l be 9 - 5/(15/6). Suppose 3*m - k = m + 9, -3*k = -2*m + 7. Suppose -x + 3*t = -l - 9, -2*x + 31 = -m*t. List the prime factors of x.
13
Suppose -729 - 1203 = -7*x. List the prime factors of x.
2, 3, 23
Suppose k = 4*l - 3*k - 104, l + 3*k - 6 = 0. Let z = 1 + l. What are the prime factors of z?
2, 11
Let k = 152 + -89. What are the prime factors of k?
3, 7
Suppose 8*h - 3*h = -4*l + 408, 162 = 2*h + l. List the prime factors of h.
2, 5
Let i(o) = o**2 - 8*o + 7. Suppose 2*w - 28 = -2*w. Let g be i(w). Suppose 3*p + g - 12 = 0. What are the prime factors of p?
2
Let r(o) = o**3 - 6*o**2 - 4*o + 5. Let j be r(7). Let m = -2 + j. List the prime factors of m.
2, 3
Let t(h) = 2*h**2 + 4*h - 3. Let l be t(2). Suppose -5*z = 3 - l. Suppose 5*x = 5*v + 50, 3*x + 0*x = -z*v + 25. What are the prime factors of x?
3
Let n = 6 + -3. Let s = 1 + n. List the prime factors of s.
2
Let o = 7 - 4. Suppose -o*j = -j + 2. What are the prime factors of 4 + 10 + j*1?
13
Let j(l) be the third derivative of -l**6/40 - l**5/60 - l**4/12 - l**3/6 - l**2. Let k = -1 - 0. List the prime factors of j(k).
3
Let z(k) = k**2 - 6*k - 3. Let l be z(6). What are the prime factors of (-1 + (-6)/l)*2?
2
Suppose 4*j + 3 - 19 = 0. List the prime factors of ((-2)/j)/(6/(-672)).
2, 7
Let u(x) = -3 + 0*x - x**2 - 3*x - x. Let j be u(-3). List the prime factors of 0 + j + 2 + 2.
2
Let v(n) = n**2 + 6*n + 3. Let r be v(-6). List the prime factors of (r + (-84)/8)*-4.
2, 3, 5
Suppose -175 = -5*p - 25. Let j = p - 14. List the prime factors of j.
2
Let s(j) be the second derivative of -5*j**3/6 - 2*j**2 + 4*j. What are the prime factors of s(-5)?
3, 7
Suppose -2*f + 5*f = -6. Let w be 1 + (-1 - f) + -2. Suppose 0*p + 1 = p - 4*a, -3*p + 4*a + 27 = w. List the prime factors of p.
13
Suppose -3*o - 4*m + 42 = -5*o, -3*o = 2*m + 95. Let n = o - -41. What are the prime factors of n?
2, 3
Suppose 105 = 2*g - 169. List the prime factors of g.
137
Let k = 33 - -15. List the prime factors of k.
2, 3
Suppose -3*t - 582 = -3*i, -t - 607 = -3*i - 29. List the prime factors of i.
2, 3
Let o = -9 + 35. List the prime factors of o.
2, 13
List the prime factors of (-91)/(-1) + -4 + 4.
7, 13
Let l = 21 + -45. Let c be (-6)/21 + l/14. List the prime factors of (0 + 16)*(-1)/c.
2
Let q(j) = 3*j + 5. Let i be q(-4). Let d(s) = 9*s. Let k(t) = 14*t. Let f(w) = i*d(w) + 5*k(w). List the prime factors of f(1).
7
Let r(f) = f**2 - 6*f + 5. Let x be (16/12)/((-2)/(-3)). Suppose -y + 4 = -x. What are the prime factors of r(y)?
5
Let s = -11 + 21. List the prime factors of s.
2, 5
Let q(j) = -j**3 + 4*j**2 - 2*j - 1. Let n = 3 - 0. Suppose 0 = -t + o + 1, n*t - 1 - 4 = o. What are the prime factors of q(t)?
3
What are the prime factors of (85/(-20) - 2)*-4?
5
Let b be 2 - (3 + -3 - -2). Suppose b = -2*z - 4 + 36. List the prime factors of z.
2
List the prime factors of (9/6)/((-1)/(-18)).
3
Suppose z - 2*z - 23 = -5*d, 3*d = -5*z + 25. Let u = 8 - d. Suppose -u*t + 34 = -2. What are the prime factors of t?
2, 3
Suppose 5*l + 14 = -16. What are the prime factors of 2*((-105)/l + -2)?
31
Let y = -6 + 9. Suppose 0*t = i + t - 6, y*i = 2*t + 3. What are the prime factors of i?
3
Suppose s + 0*s + 19 = 0. Let d = s - -31. What are the prime factors of d?
2, 3
What are the prime factors of 33/(-2)*(-3 - -1)?
3, 11
Suppose -2*o = -o - 276. What are the prime factors of (-6)/15 + o/15?
2, 3
Let d(u) = -u**3 + 10*u**2 + 2*u - 8. List the prime factors of d(9).
7, 13
Let a(c) = c - 7. Let b be a(4). Let f(g) = -4*g**3 - 2 - g**3 - 2*g**2 + 4*g**3. List the prime factors of f(b).
7
Suppose -6*n + 2100 = 6*n. What are the prime factors of n?
5, 7
Suppose -134 = -5*s + 211. List the prime factors of s.
3, 23
Let x be -2 - (-12)/4 - -2. Suppose 0 = x*a - a - 34. List the prime factors of a.
17
Let q(x) = -x**3 - 6*x**2 - 2*x + 5. Let c be q(-5). What are the prime factors of 12/30 + (-206)/c?
3, 7
Let t(d) = d**2 - 5*d - 4. Let a be t(6). Suppose -x + 5 + a = 0. What are the prime factors of x?
7
Let y(q) = -8*q + 4. Let o be y(-4). Suppose -j = j + o. List the prime factors of 1/(-4) + j/(-8).
2
Suppose -4*n = 12 + 8, -5*n = 4*y - 3. Let v = 0 + 3. Suppose 5*r - v = y. List the prime factors of r.
2
Let v be 0 - 1 - 0/3. Let k = 1 - v. Suppose k*l - 10 = -2*b, 3*b + 32 = 4*l + b. List the prime factors of l.
7
Suppose d + 2 - 7 = 0. Let j(h) = 2*h**2 - 8*h + 5. What are the prime factors of j(d)?
3, 5
Let v(s) = s**2 + 20. What are the prime factors of v(8)?
2, 3, 7
Let g(y) = -y**3 + 7*y**2 + 3*y - 7. Let p be g(7). Let n = p + -3. List the prime factors of n.
11
Let b be 1/(3*1/18). Suppose -k = -b*k + 10. List the prime factors of k.
2
Let k = 12 + 0. What are the prime factors of k?
2, 3
Let t(n) = 15*n - 27. Let b(f) = 2*f - 4. Let x(c) = -27*b(c) + 4*t(c). Let w be 2/(-5) - 35/(-25). What are the prime factors of x(w)?
2, 3
Suppose w + 5 = -23. Let a = w + 64. List the prime factors of a.
2, 3
Let j(k) = 2*k**3 - k**2 - 5*k + 2. Let r be j(3). Suppose 63 = 2*u + 31. Let x = r - u. List the prime factors of x.
2
List the prime factors of (-7)/(-2) + 5/(-10).
3
Let w be (35/3)/(1/(-3)). Let b = w - -55. List the prime factors of b.
2, 5
Let i = -7 - -48. List the prime factors of i.
41
Suppose 0*p - p - 4 = 0, -d + 12 = -2*p. Suppose d*i - 7*i + 84 = 0. What are the prime factors of i?
2, 7
Suppose 2*f - 10 = 0, -8*f = -3*y - 13*f + 1237. What are the prime factors of y?
2, 101
Let v be (1 - -6) + (2 - 3). Suppose -v*u - 12 = -2*u. Let a = 4 - u. What are the prime factors of a?
7
Suppose 5*i - 15 = 35. Suppose 4*s - 2*r = i, -3*s - 2*s + 10 = -5*r. List the prime factors of ((-12)/(-15))/(s/15).
2
Suppose -4*u - 3*y + 107 = -262, 2*u = -y + 183. What are the prime factors of u?
2, 3, 5
Let p(u) be the second derivative of u**3/6 + u**2 - u. Let s be p(-3). List the prime factors of 11 - (s - 1 - -2).
11
Suppose -240 + 4 = -2*m + 3*f, m + 4*f - 96 = 0. List the prime factors of m.
2, 7
Suppose 3*c = 3*g + 126, 5*c + 6*g - 226 = 3*g. List the prime factors of (1/2)/(2/c).
11
List the prime factors of -4 - (-4)/(12/555).
181
Let y(i) = i**3 + 12*i**2 + 8*i - 7. Let x be y(-11). Let l = x - 17. What are the prime factors of l?
3
Suppose 9*n = 8*n + 84. List the prime factors of n.
2, 3, 7
Let p(t) be the second derivative of -11*t**5/10 - t**4/12 + t**2/2 - t. Let z be p(-1). Suppose -2*c = -10, 2*c + z = h + 6*c. What are the prime factors of h?
2
Let x(o) be the first derivative of -3*o**2/2 - 6*o - 3. Let q be x(-5). Let v = -2 + q. What are the prime factors of v?
7
Let j(z) = z + 8. Let w be j(-6). Let l = -2 + w. Suppose -u = -l*u + 3*a - 23, -3*u = -5*a - 13. What are the prime factors of u?
11
Let b be ((-6)/(-8))/((-5)/100). Let y = -4 - b. What are the prime factors of y?
11
Let h = -8 + 12. Suppose 3*q - t - 17 = 0, h*t - 12 = -q - 2. What are the prime factors of q?
2, 3
Suppose -17 = -2*s + 15. What are the prime factors of s?
2
Suppose -z + 3 = 4*i, 2*z = -z - 2*i - 21. Let b(k) = k**3 + 9*k**2 + 4. Let n be b(z). Supp